 -t - 3723. Suppose 7*r - w = -2223. Is r a composite number?
True
Let y be (2 - 1)*-5 + 4. Let c = y - 1. Let w(i) = -161*i**3 + i**2 + i + 3. Is w(c) a prime number?
False
Suppose 0 = u - 181 + 165. Suppose u*l = 17916 + 2516. Is l prime?
True
Is (-973848 + -33 - 30)/((-1)/1) composite?
True
Let y be 8 + 1 + -11 + 5. Suppose -3*b - y*q = -23013 + 4275, 3*b - 18733 = 2*q. Is b a composite number?
True
Let v be (5220/(-30))/(((-4)/1206)/1). Suppose 4*h + 19937 = v. Is h prime?
False
Let j = -133 - -40. Is (341/j)/((-1)/159) a composite number?
True
Is (1 - (-10)/(-5))*-133501 a composite number?
True
Let h(u) = -u**3 + 7*u**2 + u + 11. Let t be h(7). Let s(y) = 38 + 15 - t + 11*y**2 + y**2. Is s(-5) prime?
False
Let l(v) = v**2 - 9*v + 8. Let w be l(4). Let k = w + 11. Is k/(-3) + 22704/36 composite?
False
Let m = 4789 - -256. Is m a composite number?
True
Suppose 4*q - 616029 + 23650 = -7*u, -4*q = 24. Is u composite?
False
Suppose -s - 101*s = -6098682. Is s prime?
True
Suppose -21*t + 2240597 = -1122322. Is t a composite number?
True
Let m(o) = -5015*o + 696. Is m(-1) composite?
False
Suppose 4*q = -4, 5*m + 3*q = 4 + 28. Let a be m/35 + (-14)/(-5). Suppose a*p = w - p - 323, 2*p - 299 = -w. Is w composite?
False
Suppose 40195 = 3*t - 24458. Is t prime?
False
Suppose 0 = 3*p - 0*p. Let t be 179 - p - -3 - 2. Is (-4)/18 + 73300/t a prime number?
False
Suppose 5*l + 118997 = 3*a, 4*a + 6*l = 2*l + 158620. Is a prime?
True
Suppose 160*l - 2807044 = 4469916. Is l prime?
True
Let k(i) = i**2 + 14*i + 22. Let f be k(-13). Let x be -4*(-3)/36*-2*f. Let q(g) = -g**3 + g**2 - 15*g - 7. Is q(x) a prime number?
False
Suppose -3*n + 39 = -7*b + 2*b, -4*n + b = -35. Suppose n*r - 9967 = 7*r. Is r prime?
True
Let b = -7562 - -16111. Is b a composite number?
True
Let g(c) = 6*c + 8. Let d(i) = -7*i - 9. Let r(w) = -6*d(w) - 5*g(w). Let l = 178 + -167. Is r(l) prime?
False
Let z(i) be the first derivative of i**3/3 - 5*i**2 - 7*i - 1. Let u be z(11). Suppose 3*g - u*n - 745 = -3*n, -5*g - 5*n + 1255 = 0. Is g a prime number?
False
Let q = -43468 - -89907. Is q a prime number?
True
Let w be -4 - 1663/(-3)*(3 - 0). Suppose -2*o + 25013 - w = 0. Is o prime?
True
Let b be (-10 + 0)*34/(-85). Suppose 0 = 3*z - 5*o + 4, -b*z + 18 = o + 4*o. Suppose 2714 = 4*w - z*y + 3*y, 5*w - 3401 = 3*y. Is w composite?
True
Suppose 0 = -47*k + 41*k + 24. Suppose k*m = -y + 2221, -6699 = 9*y - 12*y - 3*m. Is y a prime number?
True
Suppose -13*s + 5*z - 3999 = -14*s, -5*s = z - 19947. Is s composite?
False
Let m = 26026 + 644985. Is m a prime number?
False
Is 52277 + 27/(-3) + -5 + 2 a prime number?
False
Suppose -i + 4*i = 732. Suppose -5*l = -356 - i. Suppose -28 - l = -4*q. Is q a prime number?
True
Suppose 3*m + s = 18, -5*m - 3*s = 19 - 53. Let z(f) = 2*f**2 - 8*f + 6. Let c be z(m). Suppose -3*g = 2*i - c, -4*i = -4*g + 19 + 9. Is g a composite number?
True
Suppose 0 = -4*y - 2*y + 197724. Suppose 4*m = -5*o - y, 26364 = -4*o + m - 4*m. Is (o/(-10) - 6/15)*7 composite?
True
Let c = 57 + -87. Let i be c/(-4) + (-1)/2. Suppose 0 = i*w - 92 - 279. Is w prime?
True
Suppose -20*h + 22*h + 28 = 0. Is 7/h*(-255 - 1 - -2) prime?
True
Suppose -323*o + 35*o + 13801824 = 0. Is o prime?
False
Suppose -354827 - 1071320 = -17*h. Is h a composite number?
False
Is ((-58)/(-10))/(-6*17/(-284070)) a composite number?
True
Suppose -41*o + 772296 = -17*o. Is o a prime number?
False
Let a(u) = -36433*u + 6. Let p be a(-6). Let x be 4/(-22) + p/66 + 1. Let m = 4950 - x. Is m prime?
True
Is (-28)/(10 - 14) + 232516 a prime number?
True
Suppose m - 3*m + 2*x + 583492 = 0, -2*m = 3*x - 583477. Is m a composite number?
False
Suppose 6*s = -5*a + 3*s - 52, -5*a - 36 = -s. Let d be -1 + a/(8/(-33)). Let o = 309 + d. Is o a prime number?
False
Let z(c) be the third derivative of 69*c**4/8 + 44*c**3/3 - 49*c**2 + 2. Is z(15) a prime number?
False
Let z = 270 + -160. Let o = -109 + z. Is 3/(o - (-7020)/(-7026)) a composite number?
True
Let g(b) = b**2 + 9*b + 5. Let k be g(-9). Suppose 5*y + k*n = 99830, 3*n = 3*y - 21949 - 37967. Suppose 8*p + 3801 = y. Is p composite?
True
Let x(l) be the third derivative of l**4/6 + 23*l**3/6 + 3*l**2 + 2. Suppose -4*m + 2*v = -2*m - 14, 4*v = 4. Is x(m) prime?
False
Suppose -3*j = 21*q - 17*q - 556759, -4*j + 2*q + 742338 = 0. Is j composite?
True
Let z = 425536 + -274261. Suppose 33*x - z = 8*x. Is x a prime number?
False
Let f(m) = -4*m**2 + 3*m - 2. Let c be ((-7)/(-14) - 18/4) + 5. Let y be f(c). Is ((-3)/y - -2) + 3946 + -2 a composite number?
False
Let x be (43/(-35) + (-6)/(-14))*21205. Let y = -9914 - x. Suppose -1981 = -11*n + y. Is n a composite number?
False
Let u = 126743 + -8616. Is u a composite number?
False
Suppose 0 = -30*z + 65004 + 68946. Suppose -3*r = -2618 - z. Is r prime?
False
Suppose -309*v = -6203522 - 72274135. Is v prime?
False
Suppose 9*o + 162785 = 16*o. Suppose 4*j + 29072 = 5*k + j, 5*j + o = 4*k. Suppose 0 = 18*x - 13*x - k. Is x prime?
True
Let t(j) = 791*j**2 - 191*j + 65. Is t(10) prime?
False
Suppose g = -j + 2*j + 2, 20 = 3*g + 4*j. Let p(d) = 210*d**2 - 5*d + 19. Is p(g) a prime number?
True
Suppose -4*o = 4*m - 3*m + 966, 2*m - 5*o + 1906 = 0. Suppose p - 3153 = -514. Let v = m + p. Is v a prime number?
False
Let f(q) be the second derivative of q**5/20 + 3*q**4/4 - 13*q**3/6 + 6*q**2 - q. Let r be f(-10). Let i = 77 - r. Is i prime?
False
Suppose 159140 = 11*r - r. Let d = -9393 + r. Is d a prime number?
True
Let u be (-10)/(-7)*35/1. Let y be 14/(-91) + u/(-13) + 4. Suppose -4*b + 5*g = -9760, b - 4*g - 2451 = -y*b. Is b a composite number?
True
Is 28/(-49) + 1503233/7 prime?
False
Suppose 3*m - 3*l = -2 - 7, -l + 24 = -4*m. Let p be -4724 + -2 + ((-35)/m)/(-5). Is p/(-4) + 9/(-12) a prime number?
True
Let n(k) = -k - 1. Let m(w) = 564*w - 14. Let z(l) = -m(l) + n(l). Suppose 0 = -0*c - 12*c - 120. Is z(c) prime?
False
Suppose -19*t + 22*t = -4*j + 41842, 3*j + t = 31384. Suppose 2*g = 4*n - 6494 - 35348, n - g - j = 0. Is n prime?
True
Let i = -675 - -1070. Suppose -3*x + 16 = 3*c - 8*x, 19 = 3*c - 2*x. Suppose -i - 1460 = -c*a. Is a composite?
True
Suppose -4*v = m - 1909012, 1909028 = 14*v - 10*v - 3*m. Is v prime?
False
Suppose 5 - 20 = -3*g. Suppose 5*c + 0*t - 7065 = -5*t, 3*t = -g*c + 7059. Let d = c - 289. Is d composite?
True
Let c be ((-2)/6*0)/2. Let w(p) = -1 - 145*p + 7 + 58*p + c. Is w(-1) prime?
False
Let p = -89 + 89. Suppose 3*y - y - 3412 = -3*b, 5*b - 10 = p. Is y a prime number?
False
Let c = -854 - -2092. Let l = c + -522. Suppose -t + 5*f + l = 0, 4 = f - 3*f. Is t a composite number?
True
Suppose -8*o + 4*o = -2*c - 39606, -o = -5*c - 9906. Is o a prime number?
True
Suppose -888895 - 18498543 = -98*b. Is b prime?
True
Suppose 2 = 8*f - 7*f + 5*k, 6 = 3*f - 4*k. Suppose l + 13570 = f*m, -10*m - 3*l = -6*m - 27160. Is m prime?
False
Let r = 39 + -36. Suppose 3*l + r*f - 37 = -7, 5*l = 3*f + 10. Suppose -4*m + 737 = -3*m - 2*z, -734 = -m + l*z. Is m prime?
True
Let q be (3 - 7)/8*4398. Let i = -150 - q. Is i a composite number?
True
Let t(x) = -20*x**3 - 58*x**2 - 78*x + 647. Is t(-39) prime?
True
Let t(o) = 4*o**2 - 5*o - 15. Let p(i) = 20*i**2 - 24*i - 76. Let j(c) = -2*p(c) + 11*t(c). Suppose -7*s + 50 = -2*s. Is j(s) prime?
True
Is (-4)/(((-56)/214886)/1) prime?
True
Let w = 126364 - 69999. Is w prime?
False
Let y(l) = -779*l + 0 + 264*l - 42. Is y(-4) prime?
False
Is (-4 - (-50)/12) + 1217355/18 prime?
True
Let n(q) = 171*q**2 - 3*q - 13. Let j be 2/9 - 1786/423. Is n(j) prime?
False
Suppose 2*x - 3*w + 186003 - 2561105 = 0, 4*w - 1187507 = -x. Is x composite?
False
Let l(a) be the third derivative of 217*a**4/6 - 169*a**3/6 + 101*a**2. Is l(17) a composite number?
True
Let g(p) = -20*p**2 + 10*p + 4. Let s be g(5). Let f = 5003 - s. Is f prime?
True
Let a be (20/(-5) - 1) + 5. Suppose -32*y + 24811 + 24501 = a. Is y composite?
True
Suppose -3*l + 1026319 = 26*s - 30*s, 5*s - 1026283 = -3*l. Is l a prime number?
True
Let n = 11723 + -22957. Let p = 20831 + n. Suppose -22*g = -19*g - p. Is g a prime number?
False
Let b(j) = j**3 - 10*j**2 + 9*j + 2. Let v be b(9). Suppose -4*f + v*f = 8, -2*q - f + 34906 = 0. Is q prime?
False
Suppose -5*o - 5*i = -60, 4*o + 3*i - 35 - 13 = 0. Suppose -601 - 407